{"id":298,"date":"2025-01-23T19:04:38","date_gmt":"2025-01-23T19:04:38","guid":{"rendered":"https:\/\/querkraftonline.de\/?page_id=298"},"modified":"2025-02-12T18:43:10","modified_gmt":"2025-02-12T18:43:10","slug":"profil","status":"publish","type":"page","link":"https:\/\/querkraftonline.de\/?page_id=298","title":{"rendered":"Profil"},"content":{"rendered":"<p><span class=\"title\"><img fetchpriority=\"high\" decoding=\"async\" class=\"alignnone size-medium wp-image-407\" src=\"https:\/\/querkraftonline.de\/wp-content\/uploads\/2025\/02\/Bildschirmfoto-2025-02-12-um-19.40.51-216x300.png\" alt=\"\" width=\"216\" height=\"300\" srcset=\"https:\/\/querkraftonline.de\/wp-content\/uploads\/2025\/02\/Bildschirmfoto-2025-02-12-um-19.40.51-216x300.png 216w, https:\/\/querkraftonline.de\/wp-content\/uploads\/2025\/02\/Bildschirmfoto-2025-02-12-um-19.40.51-320x444.png 320w, https:\/\/querkraftonline.de\/wp-content\/uploads\/2025\/02\/Bildschirmfoto-2025-02-12-um-19.40.51-480x666.png 480w, https:\/\/querkraftonline.de\/wp-content\/uploads\/2025\/02\/Bildschirmfoto-2025-02-12-um-19.40.51-151x210.png 151w, https:\/\/querkraftonline.de\/wp-content\/uploads\/2025\/02\/Bildschirmfoto-2025-02-12-um-19.40.51.png 546w\" sizes=\"(max-width: 216px) 100vw, 216px\" \/><\/span><\/p>\n<p><span class=\"title\">Architekt \u2022 gepr\u00fcfter Sachverst\u00e4ndiger f\u00fcr Immobilienbewertung ZIS \u2022 ImmobilienSchadenBewerter ISB \u2022 \u00f6ffentlich bestellter Wildschadensch\u00e4tzer gem. \u00a7 57 JWMG in Verb. mit \u00a7 12 DVO JWMG<\/span><\/p>\n<p>\u2022 1967 geboren in Mediasch\/Rum\u00e4nien \u2022 1991 &#8211; 1999 Architekturstudium an der Hochschule f\u00fcr Angewandte Wissenschaften Hamburg \u2022 1995 &#8211; 1996 Architekturb\u00fcro Reincke, Hamburg \u2022 1996 &#8211; 1998 Architekturb\u00fcro Franke, Hamburg \u2022 1998 &#8211; 1999 Architekturb\u00fcro Querkraft, Hamburg \u2022 1999 &#8211; 2000 EMB Wohnbau- u. Projektmanagement GmbH, Brackenheim \u2022 2001 &#8211; 2006 Architekturb\u00fcro Bartenbach, Heilbronn \u2022 2007 &#8211; 2010 Architektur u. Sachverst\u00e4ndigenb\u00fcro Kl\u00f6ters, Heilbronn \u2022 2010 &#8211; 2013 Partner im B\u00fcro Kl\u00f6ters &amp; Partner GbR, Heilbronn \u2022 seit 2006 Planungsb\u00fcro Querkraft &#8211; B\u00fcro f\u00fcr Architektur und Sachverst\u00e4ndigenwesen (Inhaber) \u2022 2007 &#8211; 2008 Studium an der Sprengnetter-Akademie f\u00fcr Immobilienbewertung, Sinzig \u2022 2014 &#8211; 2015 J\u00e4gerausbildung bei der Kreisj\u00e4gervereinigung Heilbronn \u2022 09.2015 Lehrgang Wildschadensch\u00e4tzung im Feld beim LAZBW, Aulendorf<\/p>\n","protected":false},"excerpt":{"rendered":"<p>Architekt &hellip; <a class=\"readmore\" href=\"https:\/\/querkraftonline.de\/?page_id=298\">Weiterlesen \u2192<\/a><\/p>\n","protected":false},"author":1,"featured_media":0,"parent":194,"menu_order":2,"comment_status":"closed","ping_status":"closed","template":"","meta":{"ngg_post_thumbnail":0,"footnotes":""},"class_list":["post-298","page","type-page","status-publish","hentry"],"_links":{"self":[{"href":"https:\/\/querkraftonline.de\/index.php?rest_route=\/wp\/v2\/pages\/298","targetHints":{"allow":["GET"]}}],"collection":[{"href":"https:\/\/querkraftonline.de\/index.php?rest_route=\/wp\/v2\/pages"}],"about":[{"href":"https:\/\/querkraftonline.de\/index.php?rest_route=\/wp\/v2\/types\/page"}],"author":[{"embeddable":true,"href":"https:\/\/querkraftonline.de\/index.php?rest_route=\/wp\/v2\/users\/1"}],"replies":[{"embeddable":true,"href":"https:\/\/querkraftonline.de\/index.php?rest_route=%2Fwp%2Fv2%2Fcomments&post=298"}],"version-history":[{"count":2,"href":"https:\/\/querkraftonline.de\/index.php?rest_route=\/wp\/v2\/pages\/298\/revisions"}],"predecessor-version":[{"id":409,"href":"https:\/\/querkraftonline.de\/index.php?rest_route=\/wp\/v2\/pages\/298\/revisions\/409"}],"up":[{"embeddable":true,"href":"https:\/\/querkraftonline.de\/index.php?rest_route=\/wp\/v2\/pages\/194"}],"wp:attachment":[{"href":"https:\/\/querkraftonline.de\/index.php?rest_route=%2Fwp%2Fv2%2Fmedia&parent=298"}],"curies":[{"name":"wp","href":"https:\/\/api.w.org\/{rel}","templated":true}]}}

<p><span class="title"><img fetchpriority="high" decoding="async" class="alignnone size-medium wp-image-407" src="https://querkraftonline.de/wp-content/uploads/2025/02/Bildschirmfoto-2025-02-12-um-19.40.51-216x300.png" alt="" width="216" height="300" srcset="https://querkraftonline.de/wp-content/uploads/2025/02/Bildschirmfoto-2025-02-12-um-19.40.51-216x300.png 216w, https://querkraftonline.de/wp-content/uploads/2025/02/Bildschirmfoto-2025-02-12-um-19.40.51-320x444.png 320w, https://querkraftonline.de/wp-content/uploads/2025/02/Bildschirmfoto-2025-02-12-um-19.40.51-480x666.png 480w, https://querkraftonline.de/wp-content/uploads/2025/02/Bildschirmfoto-2025-02-12-um-19.40.51-151x210.png 151w, https://querkraftonline.de/wp-content/uploads/2025/02/Bildschirmfoto-2025-02-12-um-19.40.51.png 546w" sizes="(max-width: 216px) 100vw, 216px" /></span></p>
<p><span class="title">Architekt • geprüfter Sachverständiger für Immobilienbewertung ZIS • ImmobilienSchadenBewerter ISB • öffentlich bestellter Wildschadenschätzer gem. § 57 JWMG in Verb. mit § 12 DVO JWMG</span></p>
<p>• 1967 geboren in Mediasch/Rumänien • 1991 &#8211; 1999 Architekturstudium an der Hochschule für Angewandte Wissenschaften Hamburg • 1995 &#8211; 1996 Architekturbüro Reincke, Hamburg • 1996 &#8211; 1998 Architekturbüro Franke, Hamburg • 1998 &#8211; 1999 Architekturbüro Querkraft, Hamburg • 1999 &#8211; 2000 EMB Wohnbau- u. Projektmanagement GmbH, Brackenheim • 2001 &#8211; 2006 Architekturbüro Bartenbach, Heilbronn • 2007 &#8211; 2010 Architektur u. Sachverständigenbüro Klöters, Heilbronn • 2010 &#8211; 2013 Partner im Büro Klöters &amp; Partner GbR, Heilbronn • seit 2006 Planungsbüro Querkraft &#8211; Büro für Architektur und Sachverständigenwesen (Inhaber) • 2007 &#8211; 2008 Studium an der Sprengnetter-Akademie für Immobilienbewertung, Sinzig • 2014 &#8211; 2015 Jägerausbildung bei der Kreisjägervereinigung Heilbronn • 09.2015 Lehrgang Wildschadenschätzung im Feld beim LAZBW, Aulendorf</p>
